ded by 33?
29
Suppose -7*r + 5*r = 4*t + 2*r - 24, 0 = r. Calculate the remainder when 1547 is divided by t.
5
Let r(l) = -53*l + 4. Suppose -4 = 4*n - 2*z, -n + z - 1 = -2*z. Calculate the remainder when r(n) is divided by 29.
28
Let c(y) = -y**2 + 27*y + 34. Let j be c(26). Let l = -43 + j. What is the remainder when 37 is divided by l?
3
Suppose -2*x - 12*x = 756. Let d = -50 - x. Calculate the remainder when 23 is divided by d.
3
Calculate the remainder when ((-27)/108)/(4/(-6672)) is divided by 12.
9
Let h(y) = y**2 - 11*y + 18. Let w be h(11). Let j be (-57)/w*-3*2. Let o(d) = -d**2 + 22*d - 44. What is the remainder when 37 is divided by o(j)?
11
Calculate the remainder when 17/170 + (-8247)/(-30) is divided by 95.
85
Suppose 2*l = -2*l + 12. Let r(g) = 6*g**2 + 8*g - 14. Let m(q) = q**2 + 2*q - 1. Let c(n) = -4*m(n) + r(n). Calculate the remainder when c(3) is divided by l.
2
Calculate the remainder when -6 + -1 - 370/40*-16 is divided by 75.
66
Suppose 5*t - 11 = -3*h, 0 = -0*t - 4*t + 3*h + 25. Suppose -5*l - 686 = -t*l. Calculate the remainder when ((-48)/144)/(l/(-687) - 1) is divided by 33.
31
Let p(f) = f + 12. Let a be p(-9). What is the remainder when (7 + -2)*(a - (-93)/15) is divided by 9?
1
Let o(w) = -w**3 + 4*w**2 + 5*w + 2. What is the remainder when 578 is divided by o(5)?
0
Let b(c) = 40*c - 7. What is the remainder when 510 is divided by b(2)?
72
Suppose -2*v = -v + 36. Let t = 60 + v. Let l = -317 + 458. Calculate the remainder when l is divided by t.
21
Let n(x) = 23*x + 1960. Calculate the remainder when 999 is divided by n(-85).
4
Let n be 4/(-8) + (-115)/(-10). Suppose -5*r = 3*j - 5, 13*r = 5*j + n*r - 29. Calculate the remainder when 5 is divided by j.
0
What is the remainder when (-8284)/(-22) - (-22)/(-1089)*27 is divided by 37?
6
Let b be (-6)/(-2)*(-6 - (-28)/6). Let x(c) = -c**2 - 5*c + 1. Calculate the remainder when 24 is divided by x(b).
4
Let n = -265 - -268. Suppose -n*x = 7*w - 9*w - 28, -2*w = -8. Suppose -4 = f - 11. What is the remainder when x is divided by f?
5
What is the remainder when 554 is divided by 0 - (6 + (-3 - (-230)/(-2)))?
106
Suppose 5 + 1 = 3*o. Let t = 183 + 350. Suppose 8*n = t - 453. What is the remainder when n is divided by o?
0
What is the remainder when (-6518)/(-28) - 237/(-1106) is divided by 14?
9
What is the remainder when 3554 is divided by ((-6)/33)/(-35 - 1124539/(-32131))?
125
Let w = 11 + -11. Suppose o + 4*o + m = -14, -2*o + 2*m + 4 = w. Calculate the remainder when 227 is divided by ((-7)/(35/(-230)))/((-2)/o).
43
Let g(t) = -t. Let i(c) = 9*c - 4. Let n(s) = 6*g(s) + i(s). Let q be n(2). What is the remainder when (3/q)/((-3)/(-30)) is divided by 6?
3
Let h(y) = y**2 + 9*y - 41. Let j be h(7). Calculate the remainder when 124 is divided by j - (44/4 - 5).
59
Let v = 28378 - 28312. What is the remainder when v is divided by 54?
12
Let k = 11600 + -11189. Calculate the remainder when 1243 is divided by k.
10
What is the remainder when 2/(-53) + 56155492/7844 is divided by 77?
75
Suppose -a - a + 201 = b, 0 = 5*a - 5*b - 465. Calculate the remainder when a is divided by 66/4*36/11.
44
Suppose -5*x = 16*h - 12*h - 6570, 0 = -5*x - 3*h + 6565. Calculate the remainder when x is divided by 18.
14
Let w(v) = -1926*v**3 - 2*v**2 + 5*v + 2. Calculate the remainder when w(-1) is divided by 120.
1
Suppose -20*v - 808 = -4*i - 18*v, 3*i - 592 = 5*v. What is the remainder when 569 is divided by i?
161
Suppose -3*v - h + 750 = 0, 27*v = 26*v - h + 252. What is the remainder when v is divided by 85?
79
Suppose -2*v + 6 = -92. Suppose h - 2*m - 5 = 0, 33*h - 20 = 29*h - 4*m. What is the remainder when v is divided by h?
4
Let s = -67 + 126. Let a = 77 + -42. Let g = -19 + a. Calculate the remainder when s is divided by g.
11
Let p = 4 - -3. Suppose 5*h + 792 = p*h. Suppose 4*g + h = 4*d, 0 = 2*d + 3*g - 2*g - 207. What is the remainder when d is divided by 21?
18
Suppose 2*q - 231 = -m, 0*q + 3*q - 363 = 4*m. Let o(f) = 16*f**2 - 1. Calculate the remainder when q is divided by o(-1).
12
Let f(t) = 12 + 31*t - 62*t + 28*t. What is the remainder when 79 is divided by f(1)?
7
Suppose 168*c - 404*c + 209*c + 702 = 0. Calculate the remainder when 214 is divided by c.
6
Suppose -26*k - 21*k - 177 = -2715. What is the remainder when 484 is divided by k?
52
Calculate the remainder when 4 - (-6 + 2124/(-4) + 7) is divided by 25.
9
Let x be (0 + 1)*(-70)/(-14). Suppose -3*a + 125 = i, -62 = 5*i + x*a - 637. Calculate the remainder when i is divided by (16/(-48))/((-2)/174).
23
Let d be (-3)/(3*3/(-9)) - -141. Suppose d*q + 52 = 148*q. Calculate the remainder when 51 is divided by q.
12
Let s be -1 - (1 - 5) - (1 - -4). Let j be -32 - (3 + 9/s)*-2. Let h = j - -37. What is the remainder when h is divided by 2?
0
Suppose 2*o - 21 = -3*p, -4*o - 4*p + 2*p + 38 = 0. Calculate the remainder when 18 is divided by o.
0
Let j = 4317 + -4230. Calculate the remainder when 501 is divided by j.
66
Suppose d + u + 478 = 0, 279 + 184 = -d + 4*u. Let b = d - -482. Suppose 2*l - 92 = -2*l. Calculate the remainder when l is divided by b.
2
Let j(r) = -r**3 + 5*r**2 + 4*r - 14. Let u be j(5). What is the remainder when 39 is divided by (4/(-1))/(u/(-12))?
7
Suppose -15*a + 0*a + 696 = -3*a. Suppose 3*s - 53 - 40 = 0. Calculate the remainder when a is divided by s.
27
Suppose 5*a + 323 = 3*t, -14*a = -2*t - 11*a + 215. What is the remainder when 130 is divided by t?
24
Let a(s) = 11*s + 507. Calculate the remainder when a(6) is divided by 43.
14
Suppose -d = -1458 + 1335. What is the remainder when d is divided by 12?
3
Calculate the remainder when (103 - 418)*(-1)/3 is divided by 39.
27
Calculate the remainder when 284 is divided by 7258/494 - (-8)/26.
14
Let v(y) = 4*y + 68. Suppose -11*i + 16*i + 70 = 0. Calculate the remainder when ((-46)/(-8))/(4/48) is divided by v(i).
9
Suppose 75*s - 3*z = 77*s - 154, 4*z + 24 = 0. Calculate the remainder when 8510 is divided by s.
82
Let i = 499 - 339. Suppose 6*d - i = -22. Let r(h) = h + 2. Calculate the remainder when d is divided by r(10).
11
Suppose u - 5*u - 180 = 0. Let b = u + 51. Calculate the remainder when 20 - (-6 - (-1 + -3)) is divided by b.
4
Suppose 3*m - 80 = -m. Let w be (-24)/(-264) - (-2597)/(-11). Let i = 242 + w. What is the remainder when m is divided by i?
2
Let j = 20352 + -20212. What is the remainder when 978 is divided by j?
138
Suppose u = -4*z + 25, 25*z + 2*u + 4 = 26*z. Suppose 3*p - 162 = z. Calculate the remainder when p is divided by 16.
8
Let b(q) = -4*q - 49. Suppose 0 = -5*r + 4*r - 2, 5*u - 297 = r. Suppose u = -4*a - g, a + 17 = g + 1. What is the remainder when 52 is divided by b(a)?
8
Let o = 46 + -45. Let q be ((-2)/(-1))/o*2*-8. Let h = q + 34. What is the remainder when h is divided by 1?
0
Calculate the remainder when -94*((-18)/(-2) - 13) is divided by 109.
49
Suppose 3*q = x - 5*x + 68, -2*q + 32 = 2*x. What is the remainder when 12 + (9 - -9) - -3 is divided by x?
13
Let v = -13571 - -15230. What is the remainder when v is divided by 14?
7
Let z = -8394 - -9121. Calculate the remainder when 728 is divided by z.
1
Let s = -14942 - -15606. Calculate the remainder when s is divided by 134.
128
Suppose 6077 = 47*g - 2618. Calculate the remainder when g is divided by 7.
3
Suppose 163 = -0*x + 2*x - 5*g, 2*x - 168 = 4*g. Calculate the remainder when x is divided by 4/20 + (12/(-5))/2 - -34.
28
Let s = 146 + -136. Suppose -10*i + 400 = s. Let d = -11 - -22. Calculate the remainder when i is divided by d.
6
Let h = 234 - 241. Let l(b) = -4*b - 12. Calculate the remainder when 94 is divided by l(h).
14
Let j = -10870 + 12687. What is the remainder when j is divided by 20?
17
Suppose 2*j - 254 = -h, 2*j - 148 = -2*h + 114. Calculate the remainder when j is divided by 32.
27
Let w = 61 - 55. Let m be 5 - 3*(-4)/w. Suppose m = 5*v - 13. Calculate the remainder when 15 is divided by v.
3
Suppose 25*a + 458 - 1162 = 821. What is the remainder when a is divided by 17?
10
Let q be (-2)/(-8) + (-426)/8. Let f = 68 + -102. Let d = f - q. What is the remainder when d is divided by 11?
8
Suppose -5*y - 168*q + 6034 = -169*q, 3617 = 3*y - 4*q. What is the remainder when y is divided by 400?
7
Let o(r) = r**2 - 8*r + 30. Let n be o(3)